i + 137 = 0. Calculate the greatest common divisor of p and w.
15
Let p = -72 + 125. Let u = 2 + p. Calculate the highest common factor of u and 11.
11
Let g = 52 - 46. Suppose -2*d = -7*d. Suppose -2*n - 156 = -3*b - 2*b, -4*b + 5*n + 135 = d. Calculate the greatest common divisor of b and g.
6
Let w(q) = -2*q + 26. Let v be w(13). Suppose v*z = 3*z - 30. Let x = 88 - -22. What is the highest common factor of x and z?
10
Let v(r) = r**2 + 5. Suppose -2*a - a = 0. Let d be v(a). Suppose -106 = -d*p + 34. What is the greatest common divisor of p and 42?
14
Let n be 1/(-1 + 34/32). Let v = 224 - 49. Suppose 4*b = -10*d + 7*d + v, 4*b - 170 = -2*d. Calculate the highest common factor of n and b.
8
Let n be ((-2 - -3) + -6)/(-1). Suppose 3*b - b + 17 = f, -4*f - n*b = -42. Let l = -10 + f. Calculate the highest common factor of 27 and l.
3
Let k = 1807 + -1765. Calculate the greatest common divisor of k and 2982.
42
Let x be -5 + -1*3*-55. What is the greatest common divisor of 64 and x?
32
Let h be (-30)/4*8/(-3). Suppose 0 = 4*z - 2 + 22. Let d(w) = -w**3 - 2*w**2 - 4*w + 5. Let i be d(z). Calculate the greatest common factor of i and h.
20
Let z be 88 - 15/(-10)*2. Let h(b) = -4*b - 3. Let f be h(-4). What is the greatest common factor of z and f?
13
Suppose -4*q + 9*q = 65. Let a = q + -16. Let t = 23 - a. Calculate the highest common divisor of 65 and t.
13
Let y be (-43884)/(-186) + (-12)/(-186). Calculate the highest common divisor of y and 177.
59
Suppose -63 + 143 = 5*d. Let x = 59 - 22. Let k = x - d. Calculate the greatest common factor of k and 231.
21
Let h(j) = 2*j + 67. Let g be h(-24). Suppose 87 = -v - 218. Let r = -153 - v. Calculate the highest common divisor of r and g.
19
Let v be (-1 - -59)*(-1 - -2). Suppose 2*z - v = 22. Calculate the highest common factor of z and 60.
20
Suppose -10 = -2*x - 4*m, -4*x + 343*m = 344*m - 48. Let b = 79 + -27. Calculate the greatest common factor of b and x.
13
Suppose -b = 2*b + 2*p - 23, 3*p = -6. Suppose -2*j = 2*j - 24. Let g be (-6)/(5/j - 1). What is the highest common divisor of g and b?
9
Let c = 222 + -574. Let q = -248 - c. Let x(t) = t**3 - 18*t**2 - 18*t - 6. Let a be x(19). Calculate the greatest common divisor of a and q.
13
Suppose -8*f = 2*f - 260. What is the highest common divisor of f and 2158?
26
Suppose q = 6*q - 115. Let a = q + -5. Suppose 0 = -4*t + 2*h + a, h - 3 = 5*t - 33. Calculate the greatest common divisor of t and 21.
7
Suppose 0 = -5*n + 5*w + 1745, n = -0*n - 4*w + 364. Calculate the highest common divisor of 16 and n.
16
Suppose c - 5 + 4 = 0. Let r be 2533/(-7) - c/7. Let g be (-6)/9 - r/3. What is the greatest common factor of 12 and g?
12
Let y = 416 - 291. Suppose -3*o + 5*u = -0*o - y, -2*o = -u - 81. What is the highest common factor of 30 and o?
10
Let q be (3 + 3)/12*36. What is the highest common factor of 57 and q?
3
Suppose 10916 = 5*f + m, -20*f + 19*f + 2187 = 4*m. What is the greatest common divisor of 59 and f?
59
Let x(g) = -g**2 + g + 55. Let n be x(0). Let a = -43 - -48. Suppose 3*q = -a*z + 61, -5*z + q + 59 = 3*q. Calculate the highest common divisor of n and z.
11
Let g be (-2)/(-7) - 2766/(-21). Suppose -4*z = -y + g, 9*y - 4*y + 2*z = 704. What is the greatest common factor of 14 and y?
14
Let d be (-502)/14 + 2/(-14). Let u = d - -36. Suppose u*h - 12 = -4*h. Calculate the greatest common divisor of 6 and h.
3
Suppose d - 3*l = -34, 4*d + 92 = 3*l - 53. Let c = -32 - d. Calculate the greatest common factor of 10 and c.
5
Let i(f) = -44*f - 86. Let n be i(-2). What is the greatest common factor of 31 and n?
1
Suppose -33 = -4*q - 13. Let n = 1 - q. Let p be 8 + (0 - 8/n). What is the highest common factor of 80 and p?
10
Suppose -4*b + 26 = -2*b. Let l(m) = -6*m**3 - m**2 + 6*m + 8. Let h = 49 - 52. Let c be l(h). Calculate the highest common divisor of b and c.
13
Let j(g) = 2*g - 56. Let i be j(39). What is the greatest common factor of 704 and i?
22
Let k = -500 + 797. Calculate the highest common factor of 132 and k.
33
Let x(h) = h**3 - 4*h**2 - 7*h - 23. Let o be x(7). Calculate the highest common factor of o and 60.
15
Suppose -51 = -4*g - 7. Let j be 48/3 - (4 + 1). Calculate the greatest common factor of j and g.
11
Let y(d) = 7*d - 20. Let w be y(5). Calculate the highest common divisor of 21 and w.
3
Suppose -26*p = 81 - 523. Calculate the highest common divisor of p and 136.
17
Let t be 12/(-10)*-24*(-75)/(-135). Calculate the highest common divisor of 304 and t.
16
Suppose -15 - 17 = -r. Let p be 2/4 - (-7)/(-2). Let v be (-4)/p*(6 - 0). What is the highest common divisor of r and v?
8
Suppose 0 = 467*o - 444*o - 1518. Calculate the greatest common factor of 429 and o.
33
Suppose -57*o = -58*o + 9. What is the greatest common divisor of 39 and o?
3
Let o(d) = -d**3 - 22*d**2 - 42*d - 7. Let g be o(-20). Calculate the greatest common factor of g and 297.
33
Suppose -35 = 2*h + 9. Let a = -11 - -7. Let l be 1 - (h - a)/2. Calculate the greatest common factor of l and 15.
5
Suppose -3*d - 2*d + 135 = 0. Let p = d - 22. Suppose 0 = -p*n + r - 0 + 3, -n + 3*r = 5. Calculate the highest common factor of n and 1.
1
Suppose 2*z - 40 = -3*z. Suppose -159*m + 1900 = -64*m. Calculate the greatest common factor of m and z.
4
Let j = 4 + 0. Let y = 12698 - 12696. Calculate the highest common divisor of y and j.
2
Suppose m + 7*m = -16. Let i be 166/8 - m/(7 - -1). Suppose 3*z - 2*d + 6*d - 29 = 0, -5*z - 3*d = -30. What is the highest common divisor of z and i?
3
Suppose r + 5*y - 156 = 0, -3*r - 16*y + 14*y + 520 = 0. What is the highest common factor of r and 12?
4
Let n = -11 + 17. Let v(j) = -6 + 3 + n + 2*j. Let s be v(-1). Calculate the highest common divisor of s and 1.
1
Suppose -12 = -3*v + 15. Let x = v + 2. What is the highest common factor of x and 165?
11
Let n(t) = 3*t + 21. Let x be n(-5). Let s = -5 + 11. Calculate the greatest common factor of s and x.
6
Let r(b) = -b - 7. Let j be r(-8). Suppose 0*o - 30 = 5*o. Let z be (-6)/4*20/o. What is the greatest common factor of z and j?
1
Let d = -2 + 7. Suppose 0 = -5*f - 5 - d. Let j be (45/10)/((-1)/f). Calculate the greatest common factor of 27 and j.
9
Let r(x) = -4*x + 32. Let m be r(0). What is the greatest common divisor of m and 176?
16
Let g(f) = 7*f**3 - 2*f**2 + f - 3. Let c be g(2). Let x = -78 + c. Let y = -11 - x. What is the highest common factor of y and 5?
5
Let r be ((-3)/(-5))/(1/5). Suppose -2*b + 43 = q - 0, b - r*q = 32. What is the highest common divisor of 46 and b?
23
Let l(y) = -2*y**2 - 8*y + 31. Let c be l(-6). Suppose 19*x = 22*x - 105. What is the highest common factor of c and x?
7
Suppose -50 = -j + 40. Suppose -5*y + j = 20. Calculate the greatest common divisor of 56 and y.
14
Let k be (-6)/(-2) + 1 + 71 + 5. What is the highest common divisor of k and 120?
40
Suppose 0 = -4*o + g + 34, o - 3*g = 2*g - 1. Calculate the greatest common factor of 63 and o.
9
Let x = -110 + 600. What is the greatest common divisor of 140 and x?
70
Let y(d) = d**3 - 9*d**2 + 9*d - 6. Let k be y(8). Let j be (-24)/((k + -3)/(-1)). Let t = 141 + j. Calculate the greatest common divisor of t and 13.
13
Suppose -y - 451 = -3*y + 5*x, 709 = 3*y - x. What is the greatest common divisor of 34 and y?
34
Let g be (-3)/(-1)*45/27. Suppose 0 = u + u - 3*t - 75, -g = 5*t. Calculate the greatest common factor of u and 12.
12
Suppose 3*l - r - 92 = -l, 2*r - 23 = -l. Let u be (-12 + -6)*(-23)/3. Let o be (u/9*12)/1. What is the greatest common divisor of l and o?
23
Let d(o) = 52*o**3 + o**2 - o + 2. Let x be d(1). Calculate the highest common factor of x and 81.
27
Suppose -3*k + 14 = -25. Let c = 9 + k. Suppose x + 3 = -5*q, -3*q = -2*x - 4*q + 3. What is the greatest common divisor of c and x?
2
Suppose 4*w + 2*z - 268 = 6*z, 0 = -2*w - 2*z + 118. What is the greatest common factor of 3 and w?
3
Suppose -6 = 5*m - 146. Suppose q = -2 + m. Suppose -4*n + 424 = -2*u, 0*n - 3*u - 428 = -4*n. What is the greatest common factor of n and q?
26
Let l(d) = 6*d**2 + 5*d - 4. Let y(b) = -25*b**2 - 21*b + 16. Let h(o) = 9*l(o) + 2*y(o). Let i be h(2). What is the greatest common divisor of i and 2?
2
Let l be ((-1)/((-6)/(-45)))/((-6)/8). Suppose 0 = 4*b - 5*m - 47, 0*b - 2*b - 